{"id":1038,"date":"2023-07-28T15:42:56","date_gmt":"2023-07-28T18:42:56","guid":{"rendered":"https:\/\/enpecom.ufpr.br\/?page_id=1038"},"modified":"2025-10-07T11:38:47","modified_gmt":"2025-10-07T14:38:47","slug":"programacao-gts","status":"publish","type":"page","link":"https:\/\/enpecom.ufpr.br\/index.php\/programacao-gts\/","title":{"rendered":"Programa\u00e7\u00e3o GTs"},"content":{"rendered":"\n<p><strong>Confira abaixo a programa\u00e7\u00e3o para a apresenta\u00e7\u00e3o dos trabalhos aprovados nos GTs do XIII ENPECOM:<\/strong><\/p>\n\n\n\n<p><strong>TRABALHOS APROVADOS 13\u00ba ENPECOM<\/strong><\/p>\n\n\n\n<p><strong>GTs 1: Comunica\u00e7\u00e3o, imprensa e opini\u00e3o p\u00fablica<\/strong><\/p>\n\n\n\n<p><strong>COORDENADORES(AS): <\/strong>Profa. Dra. Andressa Butture Kniess (andressakniess@gmail.com, andressa.butture@ufpr.br) e Dra. Naiza Comel (naizacomel@gmail.com)<\/p>\n\n\n\n<p>Sess\u00e3o I \u2013 Comunica\u00e7\u00e3o, imagem e opini\u00e3o p\u00fablica<\/p>\n\n\n\n<p>Dia: 29\/10\/2025<\/p>\n\n\n\n<p>Hor\u00e1rio: 14h \u00e0s 18h<\/p>\n\n\n\n<figure class=\"wp-block-table\"><table><tbody><tr><td>\u201cBolsonaro fala \u00e0 na\u00e7\u00e3o\u201d: o ataque ao sistema eleitoral brasileiro | Isadora Raquel Rupp (UFPR)<\/td><\/tr><tr><td>Cartas que falam por muitos: delibera\u00e7\u00e3o e comunica\u00e7\u00e3o na Jornada de Agroecologia do Paran\u00e1 | Karina Pierin Ernsen Alves (UFPR)&nbsp;<\/td><\/tr><tr><td>Estrat\u00e9gias de emerg\u00eancia: uma an\u00e1lise da comunica\u00e7\u00e3o p\u00fablica do Minist\u00e9rio do Meio Ambiente e mudan\u00e7a do clima a partir das queimadas de 2024 | Thiago Fedacz Anastacio (UFPR) e Bruna Bonin (UFPR)&nbsp;<\/td><\/tr><tr><td>Midiatiza\u00e7\u00e3o e comunica\u00e7\u00e3o p\u00fablica das universidades: um estudo sobre a UFPR | Nat\u00e1lia Assueiro Carneiro (UFPR)&nbsp;<\/td><\/tr><tr><td>Existe opini\u00e3o p\u00fablica nas enquetes legislativas? Um estudo sobre direitos das mulheres e LGBTQIAPN+ na C\u00e2mara dos Deputados | Mariana Jacinto Figueiredo (UFPR) e Mariana Dourado Moraes (UFPR)&nbsp;<\/td><\/tr><\/tbody><\/table><\/figure>\n\n\n\n<p>Sess\u00e3o II \u2013 Cobertura jornal\u00edstica&nbsp;<\/p>\n\n\n\n<p>Dia: 30\/10\/2025&nbsp;<\/p>\n\n\n\n<p>Hor\u00e1rio: 14h \u00e0s 18h<\/p>\n\n\n\n<figure class=\"wp-block-table\"><table><tbody><tr><td>A imagem p\u00fablica da fam\u00edlia Bolsonaro e o tarifa\u00e7o: uma an\u00e1lise dos editoriais da Folha de S. Paulo, O Estado de S. Paulo e O Globo | Ricardo A. C. Pereira (UFSC) e Carlos Locatelli (UFSC)&nbsp;<\/td><\/tr><tr><td>Afinal: aumento, reajuste ou atualiza\u00e7\u00e3o? Uma an\u00e1lise da cobertura jornal\u00edstica sobre as mudan\u00e7as do IPTU em Ponta Grossa | Lucas Matheus Couto Freitas Boamorte (UniSecal) e Afonso Ferreira Verner (UFPR)&nbsp;<\/td><\/tr><tr><td>A jornada da not\u00edcia: plataforma de monitoramento e an\u00e1lise de not\u00edcias sobre os Objetivos do Desenvolvimento Sustent\u00e1vel | Ricardo Luiz Aoki (Unisul\/UFSC) e Carlos Nascimento Marciano (UFMA)&nbsp;<\/td><\/tr><tr><td>Negacionismo cient\u00edfico em estrat\u00e9gias discursivas e interpreta\u00e7\u00f5es simb\u00f3licas: a Revista Oeste e a pandemia da Covid-19 | Vitoria Pr\u00e1 (UFPR)&nbsp;<\/td><\/tr><\/tbody><\/table><\/figure>\n\n\n\n<hr class=\"wp-block-separator has-alpha-channel-opacity\"\/>\n\n\n\n<p><strong>TRABALHOS APROVADOS 13\u00ba ENPECOM<\/strong><\/p>\n\n\n\n<p><strong>GT 2: Comunica\u00e7\u00e3o, elei\u00e7\u00f5es e estrat\u00e9gias de campanha<\/strong><\/p>\n\n\n\n<p><strong>COORDENADORES(AS): <\/strong>Profa. Dra. Luciana Panke (lupanke@gmail.com)&nbsp;<\/p>\n\n\n\n<p>Sess\u00e3o I \u2013 Comunica\u00e7\u00e3o eleitoral<\/p>\n\n\n\n<p>Dia: 29\/10\/2025<\/p>\n\n\n\n<p>Hor\u00e1rio: 14h \u00e0s 18h&nbsp;<\/p>\n\n\n\n<figure class=\"wp-block-table\"><table><tbody><tr><td>O USO DO TIKTOK NAS ELEI\u00c7\u00d5ES PRESIDENCIAIS NO BRASIL EM 2022: UM ESTADO DA ARTE | Carina dos Reis (UEPG)<\/td><\/tr><tr><td>O BOLSONARISMO SOCIAL X BOLSONARISMO POL\u00cdTICO: UMA AN\u00c1LISE DO TIKTOK DOS CANDIDATOS \u00c0 PREFEITURA DE CURITIBA EM 2024 | MURILO BRUM ALISON, TIAGO BORGES, CAMILA SCHIAVON TIGRINHO, KARINA PIERIN ERNSEN ALVES (UFPR)<\/td><\/tr><tr><td>O HGPE TELEVISIVO E CANDIDATURAS MAJORIT\u00c1RIAS: A DISPUTA ELEITORAL NA CAPITAL PARANAENSE | JEFERSON THAUNY, ELLYNG KENYA S. DE CARVALHO, JAIANNY H. DE SANTANA FREITAS, MARIA EDUARDA DA SILVA FERREIRA (PUC\/PR)<\/td><\/tr><tr><td>ENTRE IDEOLOGIA E PRAGMATISMO: AN\u00c1LISE COMPARATIVA DAS CAMPANHAS ELEITORAIS PARA AS PREFEITURAS DE ARACAJU E JO\u00c3O PESSOA EM 2024. | Aryovaldo de Castro Azevedo Junior, Mercia Alves e Vit\u00f3ria R.G. Santos (UFPR e Cebrap\/SP)<\/td><\/tr><tr><td>MEU CANDIDATO CONTINUA ON-LINE?&nbsp; RUPTURAS E CONTINUIDADES NO USO DAS REDES SOCIAIS NAS CAPITAIS BRASILEIRAS (2020-2024) | Afonso Ferreira Verner (UFPR)<\/td><\/tr><tr><td>O CASE EDUARDO LEITE NAS ELEI\u00c7\u00d5ES DE 2022 AO PAL\u00c1CIO PIRATINI: UM PLEITO QUE QUEBROU PARADIGMAS NO RS | CARLOS EDUARDO BELLINI BORENSTEIN (UFRGS)<\/td><\/tr><tr><td>O p\u00falpito como palanque: desinforma\u00e7\u00e3o e disputa pol\u00edtica no discurso da Igreja Universal | Mariana de Mello Borges&nbsp; (UFPR)<\/td><\/tr><tr><td>\u201cLULA COM DEM\u00d4NIO NO CORPO\u201d: FAKE\u202fNEWS, MANIPULA\u00c7\u00c3O DISCURSIVA E DISPUTA SIMB\u00d3LICA NAS ELEI\u00c7\u00d5ES PRESIDENCIAIS BRASILEIRAS DE\u202f2022 | Mariana de Mello Borges (UTFPR)<\/td><\/tr><\/tbody><\/table><\/figure>\n\n\n\n<p>Sess\u00e3o II \u2013 Comunica\u00e7\u00e3o Pol\u00edtica<\/p>\n\n\n\n<p>Dia: 30\/10\/2025<\/p>\n\n\n\n<p>Hor\u00e1rio: 14h \u00e0s 18h&nbsp;<\/p>\n\n\n\n<figure class=\"wp-block-table\"><table><tbody><tr><td>O REBRANDING PARTID\u00c1RIO EM CORES E PAUTAS: UMA AN\u00c1LISE HIST\u00d3RICA-ELEITORAL DO PRD | Miguel Quessada (UFPR\/UFSCar)<\/td><\/tr><tr><td>ESTRAT\u00c9GIAS DE COMUNICA\u00c7\u00c3O DOS DEPUTADOS INFLUENCERS: UM ESTUDO SOBRE OS DEPUTADOS FEDERAIS NO INSTAGRAM | Rafael Linhares e Padilha, Lucas Eduardo Zulin e Lucas Silveira Montesdioca (UFPR)<\/td><\/tr><tr><td>O P\u00daLPITO COMO PALANQUE: DESINFORMA\u00c7\u00c3O E DISPUTA POL\u00cdTICA NO DISCURSO DA IGREJA UNIVERSAL Mariana de Mello Borges (UTFPR)<\/td><\/tr><tr><td>A POLARIZA\u00c7\u00c3O POL\u00cdTICA E FRAGMENTA\u00c7\u00c3O DA M\u00cdDIA ONLINE: O PAPEL MEDIADOR DO DISCURSO DE \u00d3DIO PARTID\u00c1RIO NAS AM\u00c9RICAS (2010-2024) | N\u00e1thaly Sarah da Veiga Costa (UFPR)<\/td><\/tr><tr><td>A BANCADA DA SELFIE E AS TECNOLOGIAS DO EU: CR\u00cdTICA FOUCAULTIANA A UM NOVO MODO DE SE FAZER POL\u00cdTICA NA ERA DIGITAL | \u00c1damo Antonioni da Silva Insfran e Jamil Cabral Sierra (UFPR)<\/td><\/tr><tr><td>QUANDO A VOZ FEMININA ASSUME O PODER EXECUTIVO: AN\u00c1LISE DOS DISCURSOS DE POSSE DE MULHERES L\u00cdDERES EM CINCO CONTINENTES | Denise Lira (UFPR)<\/td><\/tr><tr><td>O maternar e a dupla jornada de trabalho na imagem p\u00fablica de Anielle Franco | Ellen Joay (UFPR)<\/td><\/tr><tr><td>HGPE E ESTRAT\u00c9GIA DE CAMPANHA: O QUE MUDOU NA DISTRIBUI\u00c7\u00c3O ENTRE CANDIDATURAS NEGRAS E N\u00c3O-NEGRAS COM A POL\u00cdTICA DE COTAS | Lucas Eduardo Zulin, Rafael Linhares e Padilha e Gabriel Murari de Andrade (UFPR)<\/td><\/tr><\/tbody><\/table><\/figure>\n\n\n\n<hr class=\"wp-block-separator has-alpha-channel-opacity\"\/>\n\n\n\n<p><strong>TRABALHOS APROVADOS 13\u00ba ENPECOM<\/strong><\/p>\n\n\n\n<p><strong>GT 3: Comunica\u00e7\u00e3o, ativismo e participa\u00e7\u00e3o pol\u00edtica<\/strong><\/p>\n\n\n\n<p><strong>COORDENADORES(AS):<\/strong> Profa. Dra. Kelly Prudencio (kellyprudencio@ufpr.br) e Prof. Dr. Nilton Kleina (niltonkleina@ufpr.br)<\/p>\n\n\n\n<p>Sess\u00e3o I&nbsp;<\/p>\n\n\n\n<p>Dia: 29\/10\/2025<\/p>\n\n\n\n<p>Hor\u00e1rio: 14h \u00e0s 18h&nbsp;<\/p>\n\n\n\n<figure class=\"wp-block-table\"><table><tbody><tr><td>#Opentowork? O uso pol\u00edtico do LinkedIn por Jair Bolsonaro &#8211; Daniel Kei Namise, Fernando Antonio Egert, Rafael Rocha, Raquel Mirian Pereira de Souza, Alessa Coelho Lauriano, Renata Copatti Salvador e Nayra Gazafi |<\/td><\/tr><tr><td>Religi\u00e3o, anti-intelectualismo e maternidade: os pilares do discurso antifeminista de parlamentares da extrema direita brasileira no instagram | Alana Fontenelle&nbsp;&nbsp;<\/td><\/tr><tr><td>Mini-p\u00fablicos desinformados?: Como os mini-p\u00fablicos podem ser afetados por informa\u00e7\u00f5es falsas, e os efeitos que isso pode ter para a delibera\u00e7\u00e3o | Lu\u00eds Henrique Cabral Pacheco&nbsp;<\/td><\/tr><tr><td>Ativismo nas redes digitais: mapeando debates | Kelly Cristina de Souza Prudencio, Camila Calaudiano, Mayara Albuquerque e Ricardo Marcondes&nbsp;&nbsp;<\/td><\/tr><tr><td>Estrat\u00e9gia argumentativa da comunica\u00e7\u00e3o governamental do Paran\u00e1 na consulta p\u00fablica do programa Parceiro da Escola | Aline Fernandes de Souza Fran\u00e7a&nbsp;<\/td><\/tr><tr><td>Igualdade de g\u00eanero no mercado de trabalho: desafios, contradi\u00e7\u00f5es e oportunidades de Comunica\u00e7\u00e3o Organizacional nas empresas | Marco Aur\u00e9lio Braga Rodrigues, Yon\u00e1 Dalonso<\/td><\/tr><\/tbody><\/table><\/figure>\n\n\n\n<hr class=\"wp-block-separator has-alpha-channel-opacity\"\/>\n\n\n\n<p><strong>TRABALHOS APROVADOS 13\u00ba ENPECOM<\/strong><\/p>\n\n\n\n<p><strong>GT 4: Comunica\u00e7\u00e3o e populariza\u00e7\u00e3o da ci\u00eancia<\/strong><\/p>\n\n\n\n<p><strong>COORDENADORES(AS): <\/strong>Profa. Dra. Regiane Ribeiro (regianeribeiro5@gmail.com)<\/p>\n\n\n\n<p>Sess\u00e3o I &#8211; Comunica\u00e7\u00e3o e Populariza\u00e7\u00e3o da Ci\u00eancia&nbsp;<\/p>\n\n\n\n<p>Dia: 29\/10\/2025<\/p>\n\n\n\n<p>Hor\u00e1rio: 14h \u00e0s 18h<\/p>\n\n\n\n<figure class=\"wp-block-table\"><table><tbody><tr><td>COMUNICA\u00c7\u00c3O E DIVULGA\u00c7\u00c3O CIENT\u00cdFICA NA CI\u00caNCIA CIDAD\u00c3: CEN\u00c1RIO, ABORDAGENS E M\u00c9TODOS | Alice Lima; Joana Giacomassa; Karen Sailer Kletemberg; Luan Alves de Melo&nbsp;<\/td><\/tr><tr><td>COMUNICA\u00c7\u00c3O P\u00daBLICA E MEM\u00d3RIA: UMA PROPOSTA A PARTIR DE A\u00c7\u00d5ES EXTENSIONISTAS NA UNIVERSIDADE FEDERAL DO PARAN\u00c1 | Juliana Marques Borghi, Juliana Janniffer Marcelino Xavier Leite Damas Soares e Jo\u00e3o Cubas Martins<\/td><\/tr><tr><td>REDE DE CLUBES PARAN\u00c1 FAZ CI\u00caNCIA E A COMUNICA\u00c7\u00c3O COMO PLATAFORMA DE DIVULGA\u00c7\u00c3O CIENT\u00cdFICA | Anna Julia Sbardelott e Shayene Ferreira de Jesus&nbsp;<\/td><\/tr><tr><td>POP CI\u00caNCIA: POPULARIZA\u00c7\u00c3O DA CI\u00caNCIA COMO POL\u00cdTICA DE COMUNICA-\u00c7\u00c3O P\u00daBLICA PARA DEMOCRATIZA\u00c7\u00c3O DO CONHECIMENTO | Maria Clara da Silva Dias e Tiago Costa Martins&nbsp;<\/td><\/tr><\/tbody><\/table><\/figure>\n\n\n\n<p>Sess\u00e3o II \u2013 Comunica\u00e7\u00e3o e Populariza\u00e7\u00e3o da Ci\u00eancia&nbsp;<\/p>\n\n\n\n<p>Dia: 30\/10\/2025<\/p>\n\n\n\n<p>Hor\u00e1rio: 14h \u00e0s 18h<\/p>\n\n\n\n<figure class=\"wp-block-table\"><table><tbody><tr><td>A DIVULGA\u00c7\u00c3O CIENT\u00cdFICA E A POPULARIZA\u00c7\u00c3O DO CONHECIMENTO DE FOR-MA L\u00daDICA: NARRATIVAS COMUNICACIONAIS NOS PERFIS @DR.RICARDOKORES E @MARIKRUGERB | Marcio Morrison Kaviski Marcellino<\/td><\/tr><tr><td>EXTENS\u00c3O E DIVULGA\u00c7\u00c3O CIENT\u00cdFICA: ESPA\u00c7OS E LACUNAS DE G\u00caNERO NAS HIERARQUIAS DO SABER | Ana Paula Heck e&nbsp; Regiane Regina Ribeiro<\/td><\/tr><tr><td>PODCAST APURA VERDADE COMO ARQUIVO E ESPA\u00c7O DE MEM\u00d3RIA NO ENFRENTAMENTO DA DESINFORMA\u00c7\u00c3O | Karine Moura Vieira e M\u00f4nica Cristine Fort<\/td><\/tr><tr><td>Para al\u00e9m do enredo: A Guerra do Velho e o potencial da fic\u00e7\u00e3o cient\u00edfica como ve\u00edculo para a Alfabetiza\u00e7\u00e3o Cient\u00edfica e Tecnol\u00f3gica | Robinson Samulak Alves&nbsp; e B\u00e1rbara Ogliari Tagliani<\/td><\/tr><\/tbody><\/table><\/figure>\n\n\n\n<hr class=\"wp-block-separator has-alpha-channel-opacity\"\/>\n\n\n\n<p><strong>TRABALHOS APROVADOS 13\u00ba ENPECOM<\/strong><\/p>\n\n\n\n<p><strong>GT 5: Comunica\u00e7\u00e3o, Sociedade e Cultura Digital\/P\u00f3s-Digital<\/strong><\/p>\n\n\n\n<p><strong>COORDENADORES(AS): <\/strong>Profa. Dra. Myrian Del Vecchio de Lima (myriandel@gmail.com) e Prof. Dr. Hendryo Andr\u00e9 (hendryoandre@gmail.com)<\/p>\n\n\n\n<p>Sess\u00e3o I \u2013 Dimens\u00f5es simb\u00f3licas e narrativas na comunica\u00e7\u00e3o digital<br>Dia: 29\/10\/2025<br>Hor\u00e1rio: 14h \u00e0s 18h<\/p>\n\n\n\n<figure class=\"wp-block-table\"><table><tbody><tr><td>As vulnerabilidades digitais de plataforma na pesquisa brasileira: como as teses de 2014 a 2023 retratam o ecossistema Meta | Raquel Pereira Rodrigues Leite (UFPR) e Rodrigo Eduardo Botelho-Francisco (UFPR)<\/td><\/tr><tr><td>Hist\u00f3rias cruzadas: uma revis\u00e3o de literatura sobre jornalismo, intelig\u00eancia artificial e condi\u00e7\u00f5es de trabalho (2021-2035) | Gabriela de Mendon\u00e7a Oliva<\/td><\/tr><tr><td>A invisibilidade das estruturas digitais: data centers como \u201cn\u00e3o imagem\u201d | Taiana Loise Bubniak (UTFPR)<\/td><\/tr><tr><td>Conex\u00f5es virtuais e consumo midi\u00e1tico: a atua\u00e7\u00e3o da fanbase Ateez Union Brasil no X | Karina Pettinati Cardoso Ramos e Carolina Fernandes da Silva Mandaji (UTFPR)<\/td><\/tr><tr><td>Percep\u00e7\u00f5es da comunidade A Tribo sobre intera\u00e7\u00f5es com moderadores do Canal Gaules | Artur Oliari Lira (UFPR)<\/td><\/tr><tr><td>Submiss\u00e3o feminina, pap\u00e9is de g\u00eanero e religi\u00e3o: an\u00e1lise de not\u00edcias do Estad\u00e3o sobre as influenciadoras digitais | Mayra Cardi, Cintia Chagas e Biah Rodrigues<br>| Maria Eduarda Kobilarz Silva (UEPG)<\/td><\/tr><tr><td>Para al\u00e9m da caixa-preta narrativa \u2013 a manipula\u00e7\u00e3o da informa\u00e7\u00e3o no fluxo de m\u00eddia | Rodrigo dos Santos Estorillio (UTP)<\/td><\/tr><\/tbody><\/table><\/figure>\n\n\n\n<p>Sess\u00e3o II \u2013 Plataformas, Jornalismo e Democracia Digital<br>Dia: 30\/10\/2025<br>Hor\u00e1rio: 14h \u00e0s 18h<\/p>\n\n\n\n<figure class=\"wp-block-table\"><table><tbody><tr><td>O problema da midiatiza\u00e7\u00e3o nas esferas p\u00fablicas: tens\u00f5es da l\u00f3gica digital para a democracia deliberativa | Pedro Vilhena Bartolome (UFPR)<\/td><\/tr><tr><td>TLV.br 1.0: uma taxonomia modular para apoiar a modera\u00e7\u00e3o de Linchamento Virtual em l\u00edngua portuguesa | Tom\u00e1s Augusto Siedleski, Rodrigo Eduardo Botelho-Francisco e Luiz Rog\u00e9rio Lopes Silva (UFPR)<\/td><\/tr><tr><td>Rela\u00e7\u00f5es \u00e9tnico-raciais e teorias conspirat\u00f3rias no Telegram | Rafael Borges Marques, Felipe Cardoso, Myrian Del Vecchio-Lima e Jos\u00e9 Carlos Fernandes (UFPR)<\/td><\/tr><tr><td>Perman\u00eancias e mudan\u00e7as nas pr\u00e1ticas de consumo e nas fontes de informa\u00e7\u00e3o da popula\u00e7\u00e3o de Curitiba (PR) | Myrian Del Vecchio-Lima, Jos\u00e9 Carlos Fernandes, Hendryo Anderson Andr\u00e9, Criselli Maria Montip\u00f3 (UFPR e UEPG)<\/td><\/tr><tr><td>A comunica\u00e7\u00e3o da ci\u00eancia na l\u00f3gica da plataformiza\u00e7\u00e3o: a intelig\u00eancia artificial representada em v\u00eddeos do TikTok | Cec\u00edlia Sizanoski Sanchez, Claudia Quadros e Tha\u00edsa Brand\u00e3o (UFPR)<\/td><\/tr><tr><td>Entre a autonomia e a depend\u00eancia: os novos arranjos jornal\u00edsticos no contexto da plataformiza\u00e7\u00e3o | M\u00e1rcia Daniela Pinaro Valenga (UFPR)<\/td><\/tr><tr><td>Pensamento computacional, compet\u00eancias e percep\u00e7\u00f5es: um recorte explorat\u00f3rio sobre jornalistas em interface com a intelig\u00eancia artificial | F\u00e1bia Ioscote (UFPR)<\/td><\/tr><tr><td>Autonomia ou tradi\u00e7\u00e3o: o uso da plataforma Substack por jornalistas brasileiros | Cintia Silva da Concei\u00e7\u00e3o, Anna Carolina Roque Furlanetto, Ana Clara Custodio Dias e Breno Antunes da Luz (UFPR)<\/td><\/tr><\/tbody><\/table><\/figure>\n\n\n\n<hr class=\"wp-block-separator has-alpha-channel-opacity\"\/>\n\n\n\n<p><strong>TRABALHOS APROVADOS 13\u00ba ENPECOM<\/strong><\/p>\n\n\n\n<p><strong>GT 6: Comunica\u00e7\u00e3o, Audiovisualidades e Sonoridades<\/strong><\/p>\n\n\n\n<p><strong>COORDENADORES(AS): <\/strong>Prof. Dr. Jo\u00e3o Martins Ladeira (joaomartinsladeira@gmail.com) e Prof. Dr. Marcelo Garson (marcelogarson@ufpr.br)<\/p>\n\n\n\n<p>Sess\u00e3o I \u2013 Comunica\u00e7\u00e3o, Audiovisualidades e Sonoridades<\/p>\n\n\n\n<p>Dia: 29\/10\/2025<br>Hor\u00e1rio: 14h \u00e0s 18h<\/p>\n\n\n\n<figure class=\"wp-block-table\"><table><tbody><tr><td>A POSI\u00c7\u00c3O DO G\u00caNERO FEMININO NOS FILMES ESTILO EXPLOITATION DAD\u00c9CADA DE 1970 I Leda Gamb\u00fas<\/td><\/tr><tr><td>A LOUCURA TEM G\u00caNERO: UMA AN\u00c1LISE DE ELLEN HUTTER EM NOSFERATU (2024) I B\u00e1rbara Ogliari Tagliani, Robinson SamulakAlves<\/td><\/tr><tr><td>MODOS DE VINCULA\u00c7\u00c3O SEXUAL ENTRE HOMENS ADULTOS E GAROTASP\u00daBERES EM NARRATIVAS CINEMATOGR\u00c1FICAS HOLLYWOODIANAS DOP\u00d3S-GUERRA I B\u00e1rbara Piazza dos Reis<\/td><\/tr><tr><td>coffee<\/td><\/tr><tr><td>A PRESEN\u00c7A DA AUS\u00caNCIA EM AFTERSUN (2022): UMA AN\u00c1LISE F\u00cdLMICA DAS CAMADAS DA MEM\u00d3RIA I Julia Trombine Sandra Fischer<\/td><\/tr><tr><td>CONEX\u00d5ES ENTRE DENSIDADE SONORA E CARGA DRAM\u00c1TICA NARRATIVA NA TRILOGIA DE JOS\u00c9 MOJICA MARINS I Ruan Leandro Sommer Galv\u00e3o D\u00e9bora Regina Opolski Rodrigo Carreiro<\/td><\/tr><tr><td>INTRODU\u00c7\u00c3O AO ESTILO VISUAL DO CINEASTA ALEJANDRO GONZ\u00c1LEZ I\u00d1\u00c1RRITU: A trilogia da dor I \u00c2ndrea Cristina Sulzbach<\/td><\/tr><tr><td>Ilumina\u00e7\u00f5es da teoria fanoniana pelo cinema terceiro-mundista na d\u00e9cada de 1970 I T\u00falio de Araujo Rocha<\/td><\/tr><\/tbody><\/table><\/figure>\n\n\n\n<p>Sess\u00e3o II \u2013 Comunica\u00e7\u00e3o, Audiovisualidades e Sonoridades<\/p>\n\n\n\n<p>Dia: 30\/10\/2025<br>Hor\u00e1rio: 14h \u00e0s 18h<\/p>\n\n\n\n<figure class=\"wp-block-table\"><table><tbody><tr><td>INTERROMPER O MOVIMENTO, REVELAR A ILUS\u00c3O: PROPOSTAS PARA UMA TEORIA DO CINEMA ESTRUTURAL I Frederico Franco<\/td><\/tr><tr><td>O QUE OS DOCUMENT\u00c1RIOS CONTEMPOR\u00c2NEOS NOS ENSINAM SOBREO SOM I Anna Let\u00edcia Pereira de Carvalho<\/td><\/tr><tr><td>Cinema de \u201cfanfic original\u201d: o processo de \u201cadapta\u00e7\u00e3o da adapta\u00e7\u00e3o\u201d e os resultados de uma an\u00e1lise comparativa I Bianca Trevisan Weiss Victor Finkler Lachowski<\/td><\/tr><tr><td>coffee<\/td><\/tr><tr><td>Imagens em Fluxo: O Sert\u00e3o Transbiom\u00e1tico e as Est\u00e9ticas do Cinema ECOPOLITICO I Henri Dias da Silva Neto<\/td><\/tr><tr><td>Primeira novela vertical brasileira: uma an\u00e1lise est\u00e9tica e narrativa na era da converg\u00eancia I Lucas de Mendon\u00e7a Azevedo<\/td><\/tr><tr><td>O uso de ia em filmes: controv\u00e9rsias e considera\u00e7\u00f5es I Fernando Sarmento Denize Araujo<\/td><\/tr><tr><td>&#8220;MEM\u00d3RIA E RECONSTRU\u00c7\u00c3O IMAG\u00c9TICA: A TORRE DAS DONZELAS COMO ESPA\u00c7O AFETIVO DE REEXIST\u00caNCIA NO DOCUMENT\u00c1RIO DESUSANNA LIRA&#8221; I Deise Cristina Pires<\/td><\/tr><\/tbody><\/table><\/figure>\n\n\n\n<hr class=\"wp-block-separator has-alpha-channel-opacity\"\/>\n\n\n\n<p><strong>TRABALHOS APROVADOS 13\u00ba ENPECOM<\/strong><\/p>\n\n\n\n<p><strong>GT 7: Comunica\u00e7\u00e3o, M\u00eddia e Consumo<\/strong><\/p>\n\n\n\n<p><strong>COORDENADORES(AS): <\/strong>Prof. Dr Hertz Wendell de Camargo (hertzwendel@gmail.com) e doutorando Rafael Viana e doutorando Eduardo Camargo<\/p>\n\n\n\n<p>Sess\u00e3o I \u2013 Comunica\u00e7\u00e3o, M\u00eddia e Consumo<\/p>\n\n\n\n<p>Dia: 29\/10\/2025<br>Hor\u00e1rio: 14h \u00e0s 18h<\/p>\n\n\n\n<figure class=\"wp-block-table\"><table><tbody><tr><td>POMBAGIRA NA ENCRUZILHADA: ENTRE A TRANSGRESS\u00c3O E A SUJEI\u00c7\u00c3O I Ademir Barbosa J\u00fanior (UNIP), Jorge Lu\u00eds da Hora de Jesus (UNIP), Adrianne de Paula Fonseca (UNIP) e Maur\u00edcio Ribeiro da Silva (PUC-SP\/UNIP)<\/td><\/tr><tr><td>A recep\u00e7\u00e3o da telenovela brasileira: o processo de codifica\u00e7\u00e3o e decodifica\u00e7\u00e3o como fator de audi\u00eancia I Allan Constancio Clemente&nbsp; (Unespar)<\/td><\/tr><tr><td>MEC\u00c2NICAS DE JOGO COMO RASTROS MATERIAL\u00cdSTICOS: LUCAS POPE E A AUTORIA NA PRODU\u00c7\u00c3O DE SENTIDOS EM JOGOS INDEPENDENTES I Thiago Siqueira e Cristiane Wosniak (UFPR)<\/td><\/tr><tr><td>IDENTIFICA\u00c7\u00c3O DE F\u00c3S EM LEGALMENTE LOIRA (2001) I Camila Ferreira de Oliveira (Unespar)<\/td><\/tr><tr><td>O FUNCIONAMENTO DISCURSIVO DO SISTEMA PUBLICIT\u00c1RIO: ENTRELA\u00c7ANDO SABERES CR\u00cdTICOS, PR\u00c1TICAS E DESAFIOS DO MERCADO I&nbsp; Lara Timm Cezar (UFPR) e F\u00e1bio Hansen (UFPR \/ UFPA)<\/td><\/tr><\/tbody><\/table><\/figure>\n\n\n\n<p>Sess\u00e3o II \u2013 Comunica\u00e7\u00e3o, M\u00eddia e Consumo<\/p>\n\n\n\n<p>Dia: 30\/10\/2025<br>Hor\u00e1rio: 14h \u00e0s 18h<\/p>\n\n\n\n<figure class=\"wp-block-table\"><table><tbody><tr><td>BALENCIAGA E A EST\u00c9TICA DA ANTIMODA: A RUPTURA DOS PADR\u00d5ES E O PARADOXO DO CONSUMO NA MODA CONTEMPOR\u00c2NEA I Mariana da Silva Valente (Unicentro) e Ninc\u00eda Cecilia Ribas Borges Teixeira (Unicentro)<\/td><\/tr><tr><td>NEUROCI\u00caNCIA APLICADA \u00c0 COMUNICA\u00c7\u00c3O: PESQUISAS EXPERIMENTAIS SOBRE O CONSUMO EM PUBLICIDADE I Ivan Chaves Coelho (UFPR) e Daniele Ferreira Paiva (UFPR)<\/td><\/tr><tr><td>Conformismo et\u00e1rio como efeito da baixa representatividade de mulheres 45+ na comunica\u00e7\u00e3o de moda I J\u00e9ssica Aparecida Cosa (UFPR) e Let\u00edcia Salem Herrmann Lima (UFPR)<\/td><\/tr><tr><td>TEND\u00caNCIAS DO CONSUMO ACESS\u00cdVEL NO IMAGIN\u00c1RIO DO MERCADO DE LUXO: RUBY ROSE E O COLAB COM NAT\u00c1LIA BEAUTY I Let\u00edcia Salem Herrmann Lima (UFPR) e Rayra Carlos<sup> <\/sup>(UFPR)<\/td><\/tr><tr><td>UAL O \u201cSABOR DO VIRAL\u201d? CONTRIBUI\u00c7\u00d5ES DA NEUROCI\u00caNCIASOBRE O FEN\u00d4MENO \u201cMORANGO DO AMOR\u201d I &nbsp;Daniele Ferreira Paiva (UFPR) e Ivan Chaves Coelho (UFPR)&nbsp;<\/td><\/tr><\/tbody><\/table><\/figure>\n\n\n\n<hr class=\"wp-block-separator has-alpha-channel-opacity\"\/>\n\n\n\n<p><strong>TRABALHOS APROVADOS 13\u00ba ENPECOM<\/strong><\/p>\n\n\n\n<p><strong>GT 8: Comunica\u00e7\u00e3o e Usos Sociais da m\u00eddia<\/strong><\/p>\n\n\n\n<p><strong>COORDENADORES(AS): <\/strong>Prof. Dra. Valqu\u00edria John (vmichela@gmail.com), Prof. Dr. Jos\u00e9 Carlos Fernandes (zecafernandes1964@gmail.com)<\/p>\n\n\n\n<p>Sess\u00e3o I \u2013 M\u00eddia, identidades e modos de representa\u00e7\u00e3o&nbsp;<\/p>\n\n\n\n<p>Dia: 29\/10\/25<\/p>\n\n\n\n<p>Hor\u00e1rio: 14h \u00e0s 18h<\/p>\n\n\n\n<figure class=\"wp-block-table\"><table><tbody><tr><td>Encruzilhadas da (in)visibilidade: representa\u00e7\u00f5es midi\u00e1ticas e a marginaliza\u00e7\u00e3o de pessoas trans em religi\u00f5es de matriz africana, Alec Bineck Lessa (Uninter)<\/td><\/tr><tr><td>Performances de masculinidade e neoconservadorismo na Trend Pov: homens 2024, Nicoly Grevetti (UTP)<\/td><\/tr><tr><td>Masculinidades, viol\u00eancia de g\u00eanero e ataques escolares: uma leitura feminista interseccional da cobertura jornal\u00edstica no Brasil, Bianca Cordeiro Manfrin (UFSC) e Willian Edson Tomasi (UFSC)<\/td><\/tr><tr><td>Sa\u00fade e corpos gordos: media\u00e7\u00f5es e percep\u00e7\u00f5es de mulheres em redes sociais, Nayara Caroline Rosolen (UFPR), Larissa Drabeski (Uninter)<\/td><\/tr><tr><td>2024 e a era das protagonistas negras nas telenovelas \u201cGarota Do Momento\u201d, \u201cVolta Por Cima\u201d E \u201cMania De Voc\u00ea\u201d, Karin Cristina da Silva (UFPR) e Ana Lu\u00edsa Pereira (UFPR)<\/td><\/tr><tr><td>A cruzada identit\u00e1ria: p\u00e2nico moral e terrorismo de g\u00eanero, M\u00e1ira de Souza Nunes (UFPR)<\/td><\/tr><tr><td>Dzi Croquettes: Um passado\/presente da representatividade \u2018queer\u2019, Cl\u00e1udio Fontan (UTP)<\/td><\/tr><tr><td>Entre o desejo e a norma: pornografia, educa\u00e7\u00e3o e o controle das sexualidades dissidentes, Bruno Ribeiro (UFPR) e Jamil Cabral Sierra (UFPR)<\/td><\/tr><tr><td>Orlando, minha biografia pol\u00edtica: o cruzamento entre cinema e cr\u00edtica cultural em Paul B. Preciado, Gabriel Darcin Alsouza (UEL), Andr\u00e9 Luiz Justus Czovny (UFPR) e Gustavo Minho Nakao (UEL)<\/td><\/tr><\/tbody><\/table><\/figure>\n\n\n\n<p>Sess\u00e3o II \u2013 P\u00fablicos e apropria\u00e7\u00f5es midi\u00e1ticas<\/p>\n\n\n\n<p>Dia: 30\/10\/2025<\/p>\n\n\n\n<p>Hor\u00e1rio: 14h \u00e0s 18h<\/p>\n\n\n\n<figure class=\"wp-block-table\"><table><tbody><tr><td>Olhares sobre a cultura no MST: revis\u00e3o de teses e disserta\u00e7\u00f5es, Murilo Lemos Bernardon (UFPR)<\/td><\/tr><tr><td>Contrap\u00fablicos \u201cn\u00e3o mono\u201d no Brasil contempor\u00e2neo, Giovane Scremin (UFPR) e Carla Rizzoto (UFPR)<\/td><\/tr><tr><td>Media\u00e7\u00f5es barberianas, idosos e missa na TV: articula\u00e7\u00f5es te\u00f3ricas e emp\u00edricas entre as temporalidades e espacialidades, Thiago A. Caminada (UFPR)<\/td><\/tr><tr><td>Quando o estudo de recep\u00e7\u00e3o retorna ao p\u00fablico pesquisado: relato do uso da m\u00eddia no processo de divulga\u00e7\u00e3o de uma pesquisa cient\u00edfica, Tatiana de Souza Sabatke (UFPR)<\/td><\/tr><tr><td>Rep\u00f3rter Brasil: como a produ\u00e7\u00e3o das emissoras regionais da RNCP conquista espa\u00e7o em rede nacional no telejornal da TV Brasil, Alexandre Jos\u00e9 Gimenes Costa (UEPG) e Rafael Schoenherr (UEPG)<\/td><\/tr><tr><td>Racismo no comando do futebol brasileiro: reflex\u00f5es sobre a comunica\u00e7\u00e3o e a aus\u00eancia de treinadores negros na s\u00e9rie a do brasileir\u00e3o, Felipe Cardoso (UFPR) e Gabriel Domingos (UFPR)<\/td><\/tr><tr><td>Mobiliza\u00e7\u00e3o digital e fibrose c\u00edstica: o uso das m\u00eddias sociais para divulga\u00e7\u00e3o de consultas p\u00fablicas da conitec, Kamila Vintureli Felicio (UFPR) e Kelly Cristina de Souza Prudencio (UFPR)<\/td><\/tr><tr><td>O Brasil veste o qu\u00ea? Uma an\u00e1lise discursiva sobre os sentidos atribu\u00eddos \u00e0 cor da camisa da Sele\u00e7\u00e3o no Instagram, Ayumi Nakaba Shibayama (UFPR), Ana Caroline de Bassi Padilha (UFPR)<\/td><\/tr><tr><td>Celebrando quais conex\u00f5es? As edi\u00e7\u00f5es comemorativas do Jornal Nacional nos 60 anos da TV Globo e os imagin\u00e1rios sobre as regi\u00f5es brasileiras, Mariana Basso Apolin\u00e1rio (UFPR)<\/td><\/tr><\/tbody><\/table><\/figure>\n","protected":false},"excerpt":{"rendered":"<p>Confira abaixo a programa\u00e7\u00e3o para a apresenta\u00e7\u00e3o dos trabalhos aprovados nos GTs do XIII ENPECOM: TRABALHOS APROVADOS 13\u00ba ENPECOM GTs 1: Comunica\u00e7\u00e3o, imprensa e opini\u00e3o p\u00fablica COORDENADORES(AS): Profa. Dra. Andressa &#8230;<\/p>\n","protected":false},"author":2754,"featured_media":0,"parent":0,"menu_order":0,"comment_status":"closed","ping_status":"closed","template":"","meta":{"footnotes":""},"_links":{"self":[{"href":"https:\/\/enpecom.ufpr.br\/index.php\/wp-json\/wp\/v2\/pages\/1038"}],"collection":[{"href":"https:\/\/enpecom.ufpr.br\/index.php\/wp-json\/wp\/v2\/pages"}],"about":[{"href":"https:\/\/enpecom.ufpr.br\/index.php\/wp-json\/wp\/v2\/types\/page"}],"author":[{"embeddable":true,"href":"https:\/\/enpecom.ufpr.br\/index.php\/wp-json\/wp\/v2\/users\/2754"}],"replies":[{"embeddable":true,"href":"https:\/\/enpecom.ufpr.br\/index.php\/wp-json\/wp\/v2\/comments?post=1038"}],"version-history":[{"count":14,"href":"https:\/\/enpecom.ufpr.br\/index.php\/wp-json\/wp\/v2\/pages\/1038\/revisions"}],"predecessor-version":[{"id":1466,"href":"https:\/\/enpecom.ufpr.br\/index.php\/wp-json\/wp\/v2\/pages\/1038\/revisions\/1466"}],"wp:attachment":[{"href":"https:\/\/enpecom.ufpr.br\/index.php\/wp-json\/wp\/v2\/media?parent=1038"}],"curies":[{"name":"wp","href":"https:\/\/api.w.org\/{rel}","templated":true}]}}