{"id":585,"date":"2019-11-25T14:19:33","date_gmt":"2019-11-25T17:19:33","guid":{"rendered":"https:\/\/enpecom.ufpr.br\/?page_id=585"},"modified":"2025-10-13T17:48:57","modified_gmt":"2025-10-13T20:48:57","slug":"submissao-de-trabalhos","status":"publish","type":"page","link":"https:\/\/enpecom.ufpr.br\/index.php\/submissao-de-trabalhos\/","title":{"rendered":"Submiss\u00e3o de Trabalhos"},"content":{"rendered":"\n<p class=\"has-text-align-center has-medium-font-size\"><strong><strong>CHAMADA DE TRABALHOS \u2013 XIII ENPECOM<\/strong><\/strong><\/p>\n\n\n\n<p style=\"font-size:14px\">Os interessados em apresentar seu trabalho no XIII Enpecom devem submeter seus resumos expandidos at\u00e9 o dia <strong>22 de setembro de 2025<\/strong>, indicando o Grupo de Trabalho pretendido (<a href=\"https:\/\/enpecom.ufpr.br\/index.php\/gts\/\">Veja todos os Grupos de Trabalho aqui<\/a>).<\/p>\n\n\n\n<p style=\"font-size:14px\">Cada inscrito(a) pode participar como autor(a) ou co-autor(a) de <strong>no m\u00e1ximo DOIS trabalhos no total<\/strong>. Lembramos, no entanto, que <strong>\u00e9 obrigat\u00f3ria a presen\u00e7a nas duas sess\u00f5es dos GTs, o que impede que um(a) autor(a) fa\u00e7a a apresenta\u00e7\u00e3o de mais de um trabalho.<\/strong><\/p>\n\n\n\n<p style=\"font-size:14px\">Estudantes de gradua\u00e7\u00e3o tamb\u00e9m podem enviar seus trabalhos, mas <strong>apenas como co-autores<\/strong>. Para participar como autores, devem submeter na modalidade <a href=\"https:\/\/enpecom.ufpr.br\/index.php\/submissao-ic-extensao\/\">IC e Extens\u00e3o<\/a>.<\/p>\n\n\n\n<p style=\"font-size:14px\"><\/p>\n\n\n\n<hr class=\"wp-block-separator has-alpha-channel-opacity\"\/>\n\n\n\n<p class=\"has-text-align-center has-medium-font-size\"><strong>REGRAS DE SUBMISS\u00c3O DO RESUMO EXPANDIDO<\/strong><\/p>\n\n\n\n<p style=\"font-size:14px\">As propostas de resumos devem ser enviadas pelo Google Forms <\/p>\n\n\n\n<div class=\"wp-block-buttons is-content-justification-center is-layout-flex wp-container-core-buttons-layout-1 wp-block-buttons-is-layout-flex\">\n<div class=\"wp-block-button\"><a class=\"wp-block-button__link has-luminous-vivid-amber-background-color has-text-color has-background has-link-color has-text-align-center wp-element-button\" href=\"https:\/\/docs.google.com\/forms\/d\/e\/1FAIpQLSdwxpIi7Lli75i2n1uAcfX_G9ddtxbWQJYpnlhNoo1cJFDevg\/viewform\" style=\"color:#00588c\" target=\"_blank\" rel=\"noreferrer noopener\"><strong>CLIQUE AQUI<\/strong><\/a><\/div>\n<\/div>\n\n\n\n<p style=\"font-size:14px\">Os resumos devem seguir o seguinte formato:<\/p>\n\n\n\n<p style=\"font-size:14px\">a) O arquivo em Word deve ser nomeado com o n\u00famero do GT pretendido, seguido pelo nome dos proponentes. Exemplo: GT01-FranciscaSilva ou<\/p>\n\n\n\n<p style=\"font-size:14px\">b) A proposta poder\u00e1 contar com n\u00famero ilimitado de autores, ainda que o formul\u00e1rio s\u00f3 permita a apresenta\u00e7\u00e3o de tr\u00eas autores. Os demais podem ser identificados no texto do resumo.<\/p>\n\n\n\n<p style=\"font-size:14px\">c) Os resumos expandidos dever\u00e3o conter:<\/p>\n\n\n\n<p style=\"font-size:14px\">T\u00edtulo (m\u00e1ximo: 200 caracteres com espa\u00e7os)<\/p>\n\n\n\n<p style=\"font-size:14px\">Texto do resumo (m\u00e1ximo de 600 palavras, deve conter objetivos do artigo, objeto a ser analisado, abordagem metodol\u00f3gica, principais pressupostos te\u00f3ricos discutidos e resultados j\u00e1 vislumbrados)<\/p>\n\n\n\n<p style=\"font-size:14px\">Palavras-chave: (m\u00ednimo 3 e m\u00e1ximo 5)<\/p>\n\n\n\n<p style=\"font-size:14px\">Refer\u00eancias (se houver, at\u00e9 5 linhas)<\/p>\n\n\n\n<p style=\"font-size:14px\">d) \u00c9 obrigat\u00f3rio o uso do <em>template <\/em>para envio de propostas \u2013 <a href=\"https:\/\/enpecom.ufpr.br\/wp-content\/uploads\/2025\/08\/MODELOPADRAO_ENPECOM_RESUMO-EXPANDIDO-ARTIGO_2025.docx\" target=\"_blank\" rel=\"noreferrer noopener\">Clique aqui para baixar o template<\/a>.<\/p>\n\n\n\n<p style=\"font-size:14px\">e) Resumos apresentados fora das normas de submiss\u00e3o n\u00e3o ser\u00e3o aceitos.<\/p>\n\n\n\n<p><\/p>\n\n\n\n<hr class=\"wp-block-separator has-alpha-channel-opacity\"\/>\n\n\n\n<p class=\"has-text-align-center has-medium-font-size\"><strong>REGRAS PARA SUBMISS\u00c3O DE TRABALHO COMPLETO<\/strong><\/p>\n\n\n\n<p style=\"font-size:14px\">Os trabalhos completos, depois de aprovado o resumo expandido, devem ser enviados pelo formul\u00e1rio abaixo, seguindo as regras:<\/p>\n\n\n\n<div class=\"wp-block-buttons is-content-justification-center is-layout-flex wp-container-core-buttons-layout-2 wp-block-buttons-is-layout-flex\">\n<div class=\"wp-block-button\"><a class=\"wp-block-button__link has-luminous-vivid-amber-background-color has-text-color has-background has-link-color has-text-align-center wp-element-button\" href=\"https:\/\/docs.google.com\/forms\/d\/e\/1FAIpQLSfoTK0q5wM_F6oy3ezLB1oIdyj5IHKnwZjVqJbDxVD51o_Ndg\/viewform\" style=\"color:#00588c\" target=\"_blank\" rel=\"noreferrer noopener\"><strong>CLIQUE AQUI<\/strong><\/a><\/div>\n<\/div>\n\n\n\n<p style=\"font-size:14px\">a) O arquivo em WORD deve ser anexado deve ser nomeado com o n\u00famero do GT pretendido, seguido pelo nome dos proponentes. Exemplo: GT01-FranciscaSilva.<\/p>\n\n\n\n<p style=\"font-size:14px\">b) Os artigos completos dever\u00e3o ter:<\/p>\n\n\n\n<p style=\"font-size:14px\">T\u00edtulo (m\u00e1ximo: 200 caracteres com espa\u00e7os)<\/p>\n\n\n\n<p style=\"font-size:14px\">Texto do resumo (Entre 150 e 250 palavras, deve conter objetivos do artigo, objeto a ser analisado, abordagem metodol\u00f3gica, principais pressupostos te\u00f3ricos discutidos e resultados j\u00e1 vislumbrados)<\/p>\n\n\n\n<p style=\"font-size:14px\">Palavras-chave: (m\u00ednimo 3 e m\u00e1ximo 5)<\/p>\n\n\n\n<p style=\"font-size:14px\">Texto do artigo com entre 30 e 40 mil caracteres, contando as refer\u00eancias bibliogr\u00e1ficas, resumo e nota de rodap\u00e9.<\/p>\n\n\n\n<p style=\"font-size:14px\">c) \u00c9 obrigat\u00f3rio o uso do <em>template<\/em> para envio dos artigos completos \u2013 <a href=\"https:\/\/enpecom.ufpr.br\/wp-content\/uploads\/2025\/08\/MODELOPADRAO_ENPECOM_TRABALHO-COMPLETO-ARTIGO_2025.docx\" target=\"_blank\" rel=\"noreferrer noopener\">Clique aqui para baixar o template<\/a>.<\/p>\n\n\n\n<p style=\"font-size:14px\">d) Artigos finais apresentados fora das normas de submiss\u00e3o n\u00e3o ser\u00e3o aceitos.<\/p>\n\n\n\n<p style=\"font-size:14px\">e) O prazo para envio dos trabalhos completos \u00e9 20 de outubro de 2025, unicamente pelo formul\u00e1rio acima.<\/p>\n\n\n\n<p style=\"font-size:14px\"><br><\/p>\n\n\n\n<hr class=\"wp-block-separator has-alpha-channel-opacity\"\/>\n\n\n\n<p class=\"has-text-align-center has-medium-font-size\"><strong>CERTIFICADOS E ANAIS DO EVENTO<\/strong><\/p>\n\n\n\n<p>a) Ap\u00f3s o evento, os certificados s\u00e3o disponibilizados aos autores e autoras.<\/p>\n\n\n\n<p>b) Os trabalhos ser\u00e3o publicados nos anais com ISBN, desde que apresentados durante o evento e enviados dentro do prazo de inscri\u00e7\u00e3o estabelecido no cronograma.<\/p>\n\n\n\n<p>c) Os(as) autores(as) que&nbsp;<strong>n\u00e3o gostariam da publica\u00e7\u00e3o do texto<\/strong>&nbsp;nos anais devem informar desta decis\u00e3o no momento do envio do texto completo pelo Formul\u00e1rio. Informamos que, de toda forma,&nbsp;<strong>o envio do texto completo \u00e9 obrigat\u00f3rio<\/strong>&nbsp;para ser compartilhado entre coordenadores e participantes do referido GT.<\/p>\n","protected":false},"excerpt":{"rendered":"<p>CHAMADA DE TRABALHOS \u2013 XIII ENPECOM Os interessados em apresentar seu trabalho no XIII Enpecom devem submeter seus resumos expandidos at\u00e9 o dia 22 de setembro de 2025, indicando o &#8230;<\/p>\n","protected":false},"author":2,"featured_media":0,"parent":0,"menu_order":0,"comment_status":"closed","ping_status":"closed","template":"","meta":{"footnotes":""},"_links":{"self":[{"href":"https:\/\/enpecom.ufpr.br\/index.php\/wp-json\/wp\/v2\/pages\/585"}],"collection":[{"href":"https:\/\/enpecom.ufpr.br\/index.php\/wp-json\/wp\/v2\/pages"}],"about":[{"href":"https:\/\/enpecom.ufpr.br\/index.php\/wp-json\/wp\/v2\/types\/page"}],"author":[{"embeddable":true,"href":"https:\/\/enpecom.ufpr.br\/index.php\/wp-json\/wp\/v2\/users\/2"}],"replies":[{"embeddable":true,"href":"https:\/\/enpecom.ufpr.br\/index.php\/wp-json\/wp\/v2\/comments?post=585"}],"version-history":[{"count":42,"href":"https:\/\/enpecom.ufpr.br\/index.php\/wp-json\/wp\/v2\/pages\/585\/revisions"}],"predecessor-version":[{"id":1484,"href":"https:\/\/enpecom.ufpr.br\/index.php\/wp-json\/wp\/v2\/pages\/585\/revisions\/1484"}],"wp:attachment":[{"href":"https:\/\/enpecom.ufpr.br\/index.php\/wp-json\/wp\/v2\/media?parent=585"}],"curies":[{"name":"wp","href":"https:\/\/api.w.org\/{rel}","templated":true}]}}